{"id":3148,"date":"2024-09-12T11:44:02","date_gmt":"2024-09-12T09:44:02","guid":{"rendered":"https:\/\/www.vfhomedecor.com\/brands\/verges\/"},"modified":"2025-07-17T06:52:30","modified_gmt":"2025-07-17T04:52:30","slug":"verges-2","status":"publish","type":"brands","link":"https:\/\/www.vfhomedecor.com\/it\/marchi\/verges-2\/","title":{"rendered":"Verges"},"content":{"rendered":"\n<p>Le sedie e i mobili Verg\u00e9s sia per interni che per esterni sono il risultato di una combinazione di esperienza, vocazione, qualit\u00e0 e design. Azienda familiare nata a Tortell\u00e0, paese dell[Italian] &#8217;Alta Garrotxa, Verg\u00e9s svolge la propria attivit\u00e0 nella stessa localit\u00e0 da quasi 50 anni. Tale continuit\u00e0 fornisce informazioni sulla filosofia, la personalit\u00e0 e il modo di lavorare dell[Italian] &#8217;azienda.  <\/p>\n","protected":false},"featured_media":2581,"parent":0,"template":"","meta":{"_acf_changed":false},"home-brands":[],"industrial-brands":[56,57],"class_list":["post-3148","brands","type-brands","status-publish","has-post-thumbnail","hentry","industrial-brands-mobili-da-esterno","industrial-brands-mobili-per-interni"],"acf":[],"_links":{"self":[{"href":"https:\/\/www.vfhomedecor.com\/it\/wp-json\/wp\/v2\/brands\/3148","targetHints":{"allow":["GET"]}}],"collection":[{"href":"https:\/\/www.vfhomedecor.com\/it\/wp-json\/wp\/v2\/brands"}],"about":[{"href":"https:\/\/www.vfhomedecor.com\/it\/wp-json\/wp\/v2\/types\/brands"}],"wp:featuredmedia":[{"embeddable":true,"href":"https:\/\/www.vfhomedecor.com\/it\/wp-json\/wp\/v2\/media\/2581"}],"wp:attachment":[{"href":"https:\/\/www.vfhomedecor.com\/it\/wp-json\/wp\/v2\/media?parent=3148"}],"wp:term":[{"taxonomy":"home-brands","embeddable":true,"href":"https:\/\/www.vfhomedecor.com\/it\/wp-json\/wp\/v2\/home-brands?post=3148"},{"taxonomy":"industrial-brands","embeddable":true,"href":"https:\/\/www.vfhomedecor.com\/it\/wp-json\/wp\/v2\/industrial-brands?post=3148"}],"curies":[{"name":"wp","href":"https:\/\/api.w.org\/{rel}","templated":true}]}}

<p>Le sedie e i mobili Vergés sia per interni che per esterni sono il risultato di una combinazione di esperienza, vocazione, qualità e design. Azienda familiare nata a Tortellà, paese dell[Italian] &#8217;Alta Garrotxa, Vergés svolge la propria attività nella stessa località da quasi 50 anni. Tale continuità fornisce informazioni sulla filosofia, la personalità e il modo di lavorare dell[Italian] &#8217;azienda.  </p>
